 = -u**3 + 3*u**2 - 10*u + 9. Let d be z(7). Let g = -171 - d. List the prime factors of g.
2, 43
Let d(x) = 2*x + 68. What are the prime factors of d(-30)?
2
Let i(s) = -s**3 - 14*s**2 + s + 24. List the prime factors of i(-19).
2, 5, 181
Let v(l) = l**2 + 4*l + 22. Let d = 7 - 24. What are the prime factors of v(d)?
3
Let d be (-1)/4 - 3/(-12)*61. List the prime factors of ((-204)/d - -2)/((-1)/10).
2, 29
Suppose -5*h - 5*a - 385 = 0, 5*a + 168 = -4*h - 139. Let t = 19 - 6. List the prime factors of 12/h + 67/t.
5
Let g(m) = -m**2 - 21*m - 16. Let s be g(-20). Let f(a) = 0 + 12 + 3 - s*a - 1. What are the prime factors of f(-15)?
2, 37
Suppose 0 = 2*r + 2*c - 1394, 0*r - 3*c = -r + 705. Suppose 2*m - 378 = 4*b, 0 = -5*m + 4*b + 240 + r. List the prime factors of m.
11, 17
Let f = -104 - -106. Suppose -f*b + 59 = -55. What are the prime factors of b?
3, 19
Let u be ((-12)/(-8))/((-2)/(-4)). Let n be 3 - 37*(-3)/u. Suppose -132 = -5*b - 3*k, -b - k + n = 3*k. List the prime factors of b.
2, 3
Suppose -4*d - k = -2*d + 1, -5 = 5*k. Suppose d = -5*s + 51 - 16. What are the prime factors of s?
7
Suppose p + 51 = 4*p. Suppose -232 = 13*z - p*z. Suppose -n - 2*r = r - z, -3*r = -2*n + 107. List the prime factors of n.
5, 11
Suppose -8*w + 1605 = -13*w. Let l = w + 460. List the prime factors of l.
139
Suppose -3*g = g - 4, -3*d = -5*g + 2. Suppose 5 - d = -2*x. What are the prime factors of 384/15 - x/5?
2, 13
Let i(g) = g**2 - 33*g + 94. List the prime factors of i(35).
2, 41
Let z(o) be the first derivative of o**4/4 - 7*o**3/3 + 3*o**2 + 8*o + 1. What are the prime factors of z(6)?
2
Let a = 878 + -540. What are the prime factors of a?
2, 13
Let u = -11 + 14. Let h be 3 - (3 - u - 31). Suppose 14*a = 16*a - h. List the prime factors of a.
17
Suppose -n - 2*c + 166 = 0, 5*n + 3*c + 186 = 6*n. List the prime factors of n.
2, 3, 29
Let a = 2 + -5. Let m(c) = 7*c**2 + 4*c. Let j be m(a). Let p = j - 10. List the prime factors of p.
41
Let v(d) = 20*d + 65. Let o be v(-20). Let m = 636 + o. What are the prime factors of m?
7, 43
Let q be 45 + -2*(-2 - -3 - 2). Suppose -4*f - q = 3*i - 418, 5*i - 605 = -4*f. What are the prime factors of i?
3, 13
Let y(r) = -4*r**2 - 1. Let b be y(1). Let k be (-3 + 0 + 2)*b. Let o = 22 - k. What are the prime factors of o?
17
Let h be (-16)/40 - (122/(-5) + 1). Let f = 64 - h. What are the prime factors of f?
41
Let f = -201 + 291. Let m = f - 6. Suppose x = n + 23 + 15, 2*x = -2*n + m. What are the prime factors of x?
2, 5
Let y(c) = 12*c**2 - 43*c + 18. List the prime factors of y(11).
997
Suppose -7 = -l - 1. Suppose 0 = s + l*s - 567. Suppose 2*r = -5*z + 20, -3*z + 15 = -4*r + s. List the prime factors of r.
3, 5
Let y(m) = m**2 + 11. Let x be y(-6). Let u = x - 16. What are the prime factors of u?
31
Suppose 111 = -14*p + 17*p. Let z = p + 116. List the prime factors of z.
3, 17
Suppose 51 = -3*h + 156. Let v = 9 - -14. Suppose 2*x - v = h. What are the prime factors of x?
29
Suppose -24*u - 13817 = -38489. List the prime factors of u.
2, 257
Let x(k) = -k**3 - 32*k**2 + 33*k - 58. Let u be x(-33). Let h = 161 + u. List the prime factors of h.
103
Suppose -5*v - 5*c - 25 = 0, -3*v + 6 = -2*c - 4. Suppose 3*g + g = 3*b - 958, v = -2*b - 3*g + 667. What are the prime factors of b?
2, 163
Let i(l) = -11*l**3 + 7*l**2 - 11*l - 5. What are the prime factors of i(-4)?
3, 5, 19
Suppose -3*b + 2983 + 1709 = 0. List the prime factors of b.
2, 17, 23
Let y = -15 + 17. Suppose 0*q + 2*q = y*a + 160, -2*a = 4*q - 308. What are the prime factors of q?
2, 3, 13
Let w be 6/15 - (-23)/5. Suppose 50 = 5*c + 5*j, 3*c = 6*c - 4*j + w. Suppose -c*u + 2*g + 41 = 0, -5*u + 3*g + 5 = -34. List the prime factors of u.
3
Let i be ((-48)/(-14))/(2/(-70)). Let r be (-6)/(-39) + i/(-65). Suppose 2*j + 4*p = 24, -r*p + 6 + 42 = 3*j. List the prime factors of j.
2, 3
Suppose 3*z + 2 = -7. Let q = z - -8. Suppose 0 = y + q, 5*x - 13 = -3*y + 297. List the prime factors of x.
5, 13
Let x be 972 - (-6)/((-12)/8 + 0). Suppose -x = -5*b - 0*r + 2*r, 3*b + r = 583. What are the prime factors of b?
2, 97
Suppose -4*i + 18 + 213 = -3*h, h - 2*i = -79. What are the prime factors of h/((-2 - -1)*1)?
73
Suppose h - 9 = -5. Suppose 236 = h*w - 0*w. Let c = 110 - w. What are the prime factors of c?
3, 17
Suppose -802 + 4864 = 6*i. List the prime factors of i.
677
Let q(r) = 2*r**3 - 12*r**2 - 6*r - 40. What are the prime factors of q(9)?
2, 7
Let o(v) = 38*v + 2 + v**2 - 14*v - 16*v. What are the prime factors of o(-10)?
2, 11
Let u(f) = -f**2 - f - 1. Let o(d) = -42*d**3 + 4*d**2 + 6*d + 6. Let m(h) = -o(h) - 5*u(h). List the prime factors of m(1).
41
Let h(z) = z**2 - 18*z + 20. List the prime factors of h(34).
2, 3, 47
Suppose -5*q = 449 - 1289. Let c be (4 - 1)/(3/q). Suppose 4*w - 4*y = -0*w + 200, 0 = 4*w + 4*y - c. What are the prime factors of w?
2, 23
Let v = 1505 - 754. List the prime factors of v.
751
Suppose 0 = -4*n - u + 7 + 12, 22 = 4*n - 2*u. Suppose -n*q = -2*q - 243. List the prime factors of q.
3
Let c(v) = v**3 + 47*v**2 - 40*v - 209. What are the prime factors of c(-47)?
3, 557
Let r(q) = q + 17. Let w be r(-14). Suppose -152 = -w*h + 118. List the prime factors of h.
2, 3, 5
Let y = 251 - 138. Let i be (10 + -2)*1/2. Suppose -2*o = -v + 16, 5*o = i*v - y + 37. List the prime factors of v.
2, 3
Let v(r) = 19*r - 9*r + 30 + 16. List the prime factors of v(15).
2, 7
Let s = -2798 - -4976. List the prime factors of s.
2, 3, 11
Let y be (-5 - -5) + (-5)/(-1). Suppose -u + 3*k - 5*k - 2 = 0, 2*k = -y*u + 30. Suppose 0*j - 160 = -u*j. What are the prime factors of j?
2, 5
Suppose 2*p - 6*p + 2652 = 0. List the prime factors of p.
3, 13, 17
Let l be 2/(-13) - 334/26. Let k = -9 - l. Suppose 2*p + 30 = 5*n, -n + 3*n - 12 = k*p. List the prime factors of n.
2, 3
Let w be (0/3)/(-2 - -4). Suppose g + 16 - 43 = w. What are the prime factors of g?
3
What are the prime factors of (-130)/(2*2/(-56))?
2, 5, 7, 13
Suppose 3*y + 1581 = 2*g, 0 = 3*g + 13*y - 11*y - 2365. List the prime factors of g.
3, 263
Suppose -v - 59 = -3*c + 3*v, 5*c - 85 = 4*v. Let s = -11 + c. What are the prime factors of (s*-1)/((-5)/35)?
2, 7
Let n = -4 + -10. Suppose -11*h + 10*h - 20 = 0. Let d = n - h. List the prime factors of d.
2, 3
Suppose 2*b = -5*c - 715, -2*b = -c - 98 - 57. Let v = c - -203. What are the prime factors of v?
2, 29
Let a be 0/(-2) + 6/(-1). List the prime factors of ((-368)/a)/(3/(-9) - -1).
2, 23
Let b(s) = -s**2 - 8*s - 1. Let c be b(-7). Suppose c + 45 = -3*h. Let y = h - -22. What are the prime factors of y?
5
Suppose 9*h - 4529 - 3526 = 0. What are the prime factors of h?
5, 179
Let k = -438 - -1037. What are the prime factors of k?
599
Let g(t) = -3*t**3 + 2*t**2 + 2*t + 2. Let n be g(-2). Suppose 0*m - n = -5*m. Suppose m*d = 4*d + 4. List the prime factors of d.
2
Let p be (332/(-5))/((-4)/30). Suppose 8*f = 2*f + 378. List the prime factors of p/14 - (-27)/f.
2, 3
Suppose 2*m - 3*b + 47 = 0, -2*b + 13 - 102 = 5*m. Let k = 2 - m. Suppose -k*x + 24*x - 123 = 0. What are the prime factors of x?
41
Suppose -5 = 4*x + x, -4*x = -4*f + 1748. List the prime factors of f.
2, 109
Let x be (-1)/(5/20 - 7/12). List the prime factors of x/((2 - 4)/(-208)).
2, 3, 13
Let v be (-4)/8*8/2. Let t(b) = -143*b - 55. Let w(k) = 8*k + 3. Let j(z) = -3*t(z) - 55*w(z). List the prime factors of j(v).
2, 11
Suppose 35*p - 1038 = 130352. List the prime factors of p.
2, 1877
Let f(o) = o**3 - o**2 - 2*o + 39. Suppose -17 + 12 = -h. Let r = 5 - h. List the prime factors of f(r).
3, 13
Let h = -40 - -58. Suppose -h = -2*f - f. List the prime factors of ((-24)/(-15))/(f/105).
2, 7
Let r(o) = o - 12. Let p be r(18). Suppose 0 = k - 112 + p. List the prime factors of k.
2, 53
Let u = 28 - 20. Let y be (-42)/(1*u/(-4)). Let z = y - 11. List the prime factors of z.
2, 5
Suppose -117 = -2*z + 119. Suppose 0 = 4*k + b + 4*b - z, 4*b + 72 = 2*k. List the prime factors of k.
2
Suppose 0 = 4*x + k - 0*k - 1039, 0 = x - 5*k - 286. List the prime factors of x.
3, 29
Suppose -u + 13 = -7. Let k = 25 + u. List the prime factors of k.
3, 5
Suppose 0 = 8*z - 2*z + 138. Let d = z + 43. What are the prime factors of d?
2, 5
Suppose -3*a = -2 - 10. Suppose -8*u + a*u = -16. What 